of (-2 - -1)*(v + -14).
3, 5
Let t be 1/4 + 55/20. Suppose k = 4*f + t + 4, -2 = -4*f - 2*k. What are the prime factors of f/1 - (-39)/3?
2, 3
Let b = -3 + 9. Let t = -2 + b. Suppose -l = t*d - 2, -2*l + 5 = 5*d - 2. What are the prime factors of l?
2, 3
Let n = -35 + 37. Let t(b) = -2*b + 4. Let r(k) = -k. Let a(l) = -r(l) + t(l). What are the prime factors of a(n)?
2
Let c = 99 + -49. What are the prime factors of c?
2, 5
Suppose -3*j + 6 = -2*u, -4*j - u + 0*u + 19 = 0. Suppose -a - j*q - q + 43 = 0, 0 = 2*a - 3*q - 47. List the prime factors of a.
2, 7
Suppose -5*o + 0*o - t + 244 = 0, o - 3*t = 36. Let g(y) = -y**3 + 5*y**2 - 8*y + 7. Let r be g(5). Let u = r + o. List the prime factors of u.
3, 5
Let w be (-1 + 2)/((-2)/(-14)). Suppose -2*h - 175 = -w*h. What are the prime factors of ((-30)/h)/((-1)/7)?
2, 3
Let g be (-2)/8 - (-31)/(-4). Suppose -2*q = 5*n - 0*q - 83, -3*n = -5*q - 56. Let l = n + g. List the prime factors of l.
3
Suppose n - 6*n - p = -10, 0 = -5*n - 3*p. Suppose -5*y + 3*g + 43 = 0, 0*y - 49 = -n*y - 4*g. Let f = -2 + y. What are the prime factors of f?
3
Let v(h) = 13 - 3*h + 6*h - 2*h + 0*h. List the prime factors of v(0).
13
Let y(k) = k**3 - 6*k**2 + k - 2. Let c be y(6). Suppose -13 = -5*a + 5*d + 2, -d + c = 0. Let u = -3 + a. List the prime factors of u.
2
Let s(x) = 4*x**2 + 3*x**3 - x - x**2 - 2*x**3. Let w be s(-2). Suppose v = 2*v - w. List the prime factors of v.
2, 3
Suppose -128 + 20 = -4*m. Suppose -3*o - m = -9. List the prime factors of (-4)/o + (-32)/(-6).
2, 3
Suppose 3*z = z + 60. List the prime factors of z.
2, 3, 5
Let q(r) = 3*r**2 + 4 - 3*r**3 + 2*r**3 + 3*r**2 - 5*r. Let c be q(5). Suppose -c*i = -2*i - 12. What are the prime factors of i?
2, 3
Let j = 15 + 4. What are the prime factors of j?
19
Suppose g = -2*g. Suppose -3*h + 24 = 5*d, 5*d + 2*h + 2*h - 27 = g. What are the prime factors of d?
3
Suppose 5*w = 5*m - 25, 4*w = 2*m - 2 - 8. Suppose 0*q - q + 4 = w. Let c = q + 3. What are the prime factors of c?
7
List the prime factors of 86 + 2 + -5 + (3 - 3).
83
Let z be (-5 + 3)/(-2)*-19. Let l = 39 + z. List the prime factors of l.
2, 5
Let y = 4 + 0. Suppose 0*m - 5*l = y*m, -4*m = 4*l. Suppose m = i + i, 0 = 5*j + 3*i - 20. What are the prime factors of j?
2
Let z = 49 + -28. List the prime factors of z.
3, 7
What are the prime factors of (-375)/(-4) - 5/(-20)?
2, 47
Let w = 127 - -107. List the prime factors of w.
2, 3, 13
Let j = 3 - 0. Suppose -5*q + 0*g + 2*g = 54, 4*g = -j*q - 48. Let y = q - -24. What are the prime factors of y?
2, 3
List the prime factors of (-687)/(-33) + (-4)/(-22).
3, 7
Let v = 95 - -16. List the prime factors of v.
3, 37
List the prime factors of (-3)/(-3) + 122 - (-4 - -7).
2, 3, 5
Let l(h) = h**3 + 5*h**2 + 5*h + 2. Let f be l(-4). Let a be f*2/(-4) + 29. Suppose 5*i = d + i - 15, 5*i + a = 2*d. List the prime factors of d.
3, 5
What are the prime factors of (-3)/(-4) - (-399)/12?
2, 17
Let t = 3 - 5. What are the prime factors of (t + 10 - 1) + -2?
5
Let v be -2 + 1 + 0 + -1. Let h be 2/(v + 5 + -1). List the prime factors of (5 - 1)/h*2.
2
Let m = -2 - -62. What are the prime factors of m?
2, 3, 5
Suppose -2*i = 3*o - 41, -3*o + 0*o + 71 = -4*i. Suppose 19*c = o*c + 48. List the prime factors of c.
2, 3
Let u = -56 + -25. Let c = -54 - u. List the prime factors of c.
3
Suppose -4*m + 45 = 3*p, -4*m + 3*p + 47 = 4*p. Suppose -2*o + 4 = -m. List the prime factors of o.
2
Let o = -3 + -1. What are the prime factors of o + 2 + 2 + 17?
17
Let x(b) = -3*b**3 + 2*b**2 + 2*b + 3. Let m be x(-2). Suppose 4 = -n, -4*g = 4*n + 73 + 19. Let h = g + m. What are the prime factors of h?
2, 3
Let u = 237 + -107. What are the prime factors of u?
2, 5, 13
Suppose -20 = -0*q - 4*q. Suppose 0*d - 20 = -q*d. List the prime factors of d.
2
Let y = -13 - -17. List the prime factors of (y + -29)/((-1)/2).
2, 5
Suppose 135 = -4*u - 4*l - 293, 5*l = 3*u + 281. List the prime factors of (-1)/(-2) - u/12.
3
Let k = 2 - -6. What are the prime factors of (-4)/(k/3)*-16?
2, 3
What are the prime factors of ((-3 + 4)*27)/1?
3
Let l be 0*(-3)/(-6) + 3. Suppose l*x - 17 = -5. Suppose -y - 6*q + q = -19, x*y - 76 = 2*q. What are the prime factors of y?
19
Suppose -11 = -3*g + 4. Suppose -2*r - 2*v + g*v = -31, r - 14 = v. List the prime factors of r.
11
Let i = -8 + 14. List the prime factors of (-453)/(-18) + (-1)/i.
5
Suppose -h + 5 = 2. Suppose 0*k + h*k = 27. Let d = k + -4. List the prime factors of d.
5
Suppose 1405 + 359 = 6*y. What are the prime factors of y?
2, 3, 7
Suppose 4*b = -9 + 1. List the prime factors of 24 + 12/(-4) + b.
19
Suppose 10*h = 8*h + 82. What are the prime factors of h?
41
Let m(x) be the first derivative of 1 + 3*x - 1/3*x**3 - 5/2*x**2. List the prime factors of m(-4).
7
Let p(y) = -y**3 + 5*y**2 + 7*y - 4. Suppose 4*o - 16 = 4. List the prime factors of p(o).
31
Suppose 5*i = 4*w + 20, 0 = -2*w - w + 2*i - 8. Suppose 0 = 2*d - 18 - w. What are the prime factors of d?
3
Suppose 5*p - 3*p = 78. What are the prime factors of p?
3, 13
Let z(i) = -i**2 + 12*i - 8. Suppose 0*s + s + 42 = 5*c, 5*s + 18 = c. What are the prime factors of z(c)?
2, 3
What are the prime factors of (-35)/(-14)*88/5?
2, 11
Let t = -10 + 12. List the prime factors of (t/(-3))/(3/(-54)).
2, 3
Let s(u) = -u**2 + 7*u + 2. Let w be (-1)/3 + (-32)/(-6). What are the prime factors of s(w)?
2, 3
Suppose -s + 2 = -0. Suppose -4 = -s*k - 2. Suppose 3*b - 26 = k. List the prime factors of b.
3
Suppose -5*c + 321 = 4*l, 0 = -c - 2*c + 5*l + 163. List the prime factors of c.
61
Suppose -w + 4*w - 260 = -2*j, w = 5*j + 115. List the prime factors of w.
2, 3, 5
Let d be 6/(6/(-2)) - 5. Let i = d - -12. What are the prime factors of 4/((-8)/i)*-2?
5
Let t(w) = w**2 - w - 4. Suppose -s + 8 = -v - 5*s, -3*s - 7 = v. What are the prime factors of t(v)?
2
Let a be (-6)/21 - (-44)/7. Let l = a + 0. List the prime factors of (52/l)/((-6)/(-9)).
13
Let b be ((-2)/(-6))/((-3)/(-27)). Let o(p) = -p**2 + p + 1. Let g(c) = c**3 - 8*c**2 + 6*c. Let m(v) = -g(v) + 4*o(v). List the prime factors of m(b).
7
Let j(g) = -g**3 - 9*g**2 - 10*g - 12. Let c be j(-8). Suppose 2*h - 3*f - 61 = 0, -f - 2*f = -c*h + 119. What are the prime factors of h?
29
Suppose 4*q = -3*s + 4*s - 134, 5*s - 76 = 2*q. Let x = q + 49. List the prime factors of x.
2
What are the prime factors of (3/3 - 2) + 115?
2, 3, 19
Suppose -81 = 34*x - 37*x. What are the prime factors of x?
3
Let c be 1/3 - (-152)/(-24). Let s(y) = -3*y - 9. What are the prime factors of s(c)?
3
Suppose -5*b = -3*b. Let k = 5 - b. What are the prime factors of k?
5
Let a(v) = 9 + v + 4*v - 4*v. Suppose 5*y = y - 28. List the prime factors of a(y).
2
Suppose d + 0 = -2*i - 14, 38 = -3*d - 2*i. Let w = 27 - 48. Let a = d - w. What are the prime factors of a?
3
Let o(s) = -s**3 + 7*s**2 + 8*s + 4. Let y be o(8). Suppose -b - 63 = -y*l + 2*b, 35 = 2*l - 5*b. What are the prime factors of l?
3, 5
Suppose g + 40 = 5*g. List the prime factors of g*(0 - (-9)/6).
3, 5
Suppose -3*d = -0 - 3. Suppose -c = -13 - d. What are the prime factors of c?
2, 7
Let u(v) = -v**3 - 11*v**2 - 3*v + 9. List the prime factors of u(-11).
2, 3, 7
Suppose o = -5*l + 64, 0 = 4*o - 3*l - 296 - 6. What are the prime factors of o?
2, 37
Suppose -3*t = -6, -d = -2*d + 2*t - 44. Let r = -27 - d. List the prime factors of r.
13
Let f be (-27)/((27/6)/(-3)). Suppose 0*a + 3*a + 3*z = f, -10 = -4*a + 3*z. Suppose -p - 5*j = -5*p + 31, -p + 16 = -a*j. List the prime factors of p.
2
Let x(c) = -c**3 + 5*c**2 + 2*c - 1. Let g be x(5). Suppose t - 111 = -2*t. Suppose -4*j = g - t. What are the prime factors of j?
7
Let f = -5 - -8. Suppose 2*w - f*v = 3*w - 29, 2*w = v + 23. List the prime factors of w.
2, 7
Let v(m) = -34*m**3 - m**2 + 1. What are the prime factors of v(-1)?
2, 17
Suppose -4*m + 336 + 0 = 0. List the prime factors of m.
2, 3, 7
Suppose 5*l - 1 = -2*j - 0, 4*j = 2*l + 14. Suppose q = j*q. Let n = q - -6. List the prime factors of n.
2, 3
Let d(y) = y**2 - 3*y - 6. Let o be d(-5). Let v = 66 - o. Suppose -4*c + v = -4*l, -6*l + 2*l + 28 = 2*c. List the prime factors of c.
2, 5
Let f be (-4 - -1)*2/2. List the prime factors of (4/(-3))/(1/f).
2
Let s = -9 + 14. Let d = 5 - s. Suppose d = -2*x - 